3/6 + 18*n**2. Let d be ((-14)/(-8))/(1/(-4)). Give m(d).
0
Suppose 3 = 3*a, 2*x + 48 = 4*x - 2*a. Suppose -4*y - y = x. Let q(n) = 5*n + 1. Let b(d) = d. Let s(r) = 4*b(r) - q(r). What is s(y)?
4
Suppose 0 = 2*b - 3*t - 12, -2*t - 20 = -2*b + 3*t. Let r(x) be the second derivative of 0 - 2*x + 1/6*x**3 + 0*x**2. Give r(b).
0
Suppose 13*c - 17*c = 0. Let d(p) be the first derivative of p**2/2 - 1. Calculate d(c).
0
Let q(h) be the third derivative of -h**6/120 - h**5/10 - h**4/24 - h**3/6 - 6*h**2. Calculate q(-6).
5
Let o(j) = 4*j**2 - 8*j + 2. Let w(f) = 7*f**2 - 15*f + 5. Let q(v) = -5*o(v) + 3*w(v). Let l(b) = -2*b + 2. Let g(c) = 5*l(c) - 2*q(c). Calculate g(2).
-8
Let w(q) be the third derivative of q**6/120 + q**5/60 - 7*q**3/6 - 5*q**2. What is w(0)?
-7
Let d(l) = l**2 + 4*l + 2. Let n be 7*(-6)/10*-5. Suppose 0 = i + i + 5*b + n, -2*b = 4*i + 18. Give d(i).
-1
Let j(h) = -6*h**3 - h**2 - h. Let u(y) = y**3 + y**2. Let x(v) = -j(v) - 4*u(v). What is x(2)?
6
Let k(j) be the third derivative of -j**6/24 + j**5/60 + j**4/24 + j**3/6 + j**2 - 32*j. Let v be ((-4)/(-6))/(4/(-6)). What is k(v)?
6
Let k(u) = -17*u**2 + 0*u + 20*u**2 - 2*u - 2. Let q(z) = -z + 8. Suppose -23 = -4*i + 1. Let w be q(i). What is k(w)?
6
Suppose -n + 3*n = 4. Let h(j) be the first derivative of j**2 + j - 16. Determine h(n).
5
Let c(k) = 5*k**3 - 1. Let x be c(1). Let d = 2 + -2. Let r = x - d. Let v(i) = -2*i + 3. Determine v(r).
-5
Let j(h) = -h**2 - 4*h**2 + 0*h**2 + h. Let o = 0 + 0. Suppose o = -4*w + 3*i - 7, 3 = -3*w + 5*i - 5. Give j(w).
-6
Let g be 1 - (-1 + 2 - 2). Let b(t) = 3*t + 5 + 5*t**3 - 6*t**3 + g*t**2 + t**2. What is b(4)?
1
Let m(a) = a**3 - 7*a**2 + a - 5. Let g be 4 + 1 + 6/3. Let c be m(g). Let d(n) = n**2 - 5 - 2*n**2 + 4*n + c. Determine d(5).
-8
Let f(h) be the first derivative of -h**2 + h - 2. Let b(q) = -q. Let z be b(2). Let i be -2 - (1 + z)*-1. Determine f(i).
7
Let z = 52 + -58. Let t(i) = -i**3 - 6*i**2 - 8. Calculate t(z).
-8
Suppose -m - 10 = -2*r - 3*m, 5*m - 15 = 0. Let b = 8 - -1. Let z(o) = o - b*o + 7*o. What is z(r)?
-2
Suppose 16 = -4*y - 0*y. Let h = y - -6. Let w(b) = 3*b**h + 9*b - 1 - 9*b. Determine w(1).
2
Let m(j) = 3*j - j + 0*j. Let g(h) = -h**2 + 5*h - 2. Let k be g(5). Let n be (3 - (k + 4)) + 0. What is m(n)?
2
Let g(l) = l**3 - 3. Let z(y) = 2*y**2 + 9*y + 4. Let v be z(-4). What is g(v)?
-3
Suppose 6*d + 6*d = 4*d. Let o(z) = -z**2 - 10. Give o(d).
-10
Let u = -13 - -10. Let n(z) = -z**2 - z. What is n(u)?
-6
Let h(q) = -q**3 - 6*q**2 + 3*q + 8. Let p = 0 - 6. Calculate h(p).
-10
Let m(d) be the second derivative of d**4/12 - d**2/2 - 5*d. Let f(l) = -l**3 - 7*l - 12. Suppose 4*n + 27 = 3. Let x(q) = n*m(q) + f(q). What is x(-5)?
4
Let l(v) = -2*v - 1. Let t be 2/(-6) - (-1)/3. Let d(x) = x**3 - 2*x**2 - 4*x + 6. Let u be d(4). Suppose n = 2*n - 3*g - 2, t = -3*n - 5*g - u. Determine l(n).
7
Let v(t) = -7*t + 7. Let d(s) = -6*s + 6. Let k(h) = 5*d(h) - 4*v(h). Give k(5).
-8
Suppose i = 3*o - 15 - 1, 0 = -2*o + 10. Let m(r) = -7*r**2 - 74 + 37 + 37. Determine m(i).
-7
Suppose -2*f = 4*d + 20, 10 = f + d - 3*d. Let b(g) = g**3 + g**2 - g - 11. Calculate b(f).
-11
Let t(r) be the second derivative of 2*r + 3/2*r**2 - 1/12*r**4 + 0 + 5/6*r**3. Suppose -4*p + 2*u = -28, 0*p + 5*u + 30 = 2*p. Calculate t(p).
3
Let u = -60 - -62. Let h(q) be the second derivative of q + 0 - 1/6*q**4 + 0*q**2 - 1/3*q**3 + 1/10*q**5. Determine h(u).
4
Let s(z) = -z**2 - 4*z + 2. Let n be s(-4). Let u(l) = 3*l**2 - l**n - l - 2*l**2 - l**2. Determine u(0).
0
Let l(r) be the third derivative of -r**8/6720 + r**7/360 - r**6/90 + 3*r**5/40 - r**4/12 + r**2. Let w(q) be the second derivative of l(q). Calculate w(6).
-3
Suppose -5*q - 5 = -0. Let m be (-4 + q)*(1 + 0). Let a(w) = -w**3 - 6*w**2 - 5*w. Calculate a(m).
0
Let h(w) = -w**2 + 3*w - 2. Let u = -4 + 3. Let x = u + -2. Let i(f) = -f**3 - 2*f**2 + 2*f. Let j be i(x). What is h(j)?
-2
Let v(b) = b**2 + b + 3. Let z(j) = j - 1. Suppose 6*d - d - 22 = -3*p, -5*p = -4*d - 12. Suppose 0 = -u, -9 = -5*a - 3*u - p. Let w be z(a). Calculate v(w).
3
Let g(z) = -3*z + 2. Let b(l) = l**2 - 7*l + 8. Let o be (-1)/((21/(-18))/7). Let u be b(o). What is g(u)?
-4
Let x(z) = -z**3 - 2*z**2 - z - 2. Suppose -2*d = 3*d - 30. Suppose 7*q - 4*q + 3 = -y, 0 = -2*y - 3*q - d. Calculate x(y).
10
Let j be -1 - 1 - (-50)/5. Let q(u) = -u + 0*u - j - u + u. Determine q(-6).
-2
Let c(r) = 3*r**3 - 3 + 6*r**2 + 6*r - 4*r**3 + 2*r**3. Let a be ((-87)/3)/(-5 - -6). Let o = 24 + a. Determine c(o).
-8
Let f(p) = -2 + p - 4*p + 2*p. Suppose 51 = v + 48. What is f(v)?
-5
Let c(w) = -w**3 + 8*w**2 + 3. Let o be 1/(-3) + 100/12. Give c(o).
3
Let d = 61 + -58. Let g(f) = -f**3 + 3*f**2 - 2*f + 2. Give g(d).
-4
Let s be (-2)/(-3) + 72/(-108). Let i(m) be the third derivative of -m**5/120 + 13*m**4/24 + m**3/6 - m**2. Let b(j) be the first derivative of i(j). Give b(s).
13
Let p(c) = c + 2. Suppose -3 = t - 8. Suppose -10 = -5*d + t. Determine p(d).
5
Suppose 4*g - 3*n + 24 - 8 = 0, 3*n + 33 = -3*g. Let o(a) = 2*a + 10. Determine o(g).
-4
Let c(h) be the third derivative of -3*h**2 - 1/24*h**4 + 1/6*h**3 + 0 + 0*h. Calculate c(4).
-3
Let x = 8 + -12. Let q(u) be the first derivative of -u + 1/4*u**4 - 11 + 2/3*u**3 - 3*u**2. Calculate q(x).
-9
Let n(p) = p**3 + 5*p**2 - p - 2. Let v be n(-5). Let u(z) = z**2 + z. Give u(v).
12
Let x(j) = -j**3 + 2*j + j + 3*j**3 - 5*j**2 - j**3. Suppose 0 = l - 3*c, c + 2*c = 3. What is x(l)?
-9
Let w(t) be the first derivative of t**2/2 - 10*t + 10. Give w(6).
-4
Suppose -2*u - 4*h = -8, 4*h + 0 = 5*u + 22. Let m = 5 + u. Suppose 3*v + 2*v = -3*y + 1, -m*v + 3 = 3*y. Let q(t) = -3*t + 1. Determine q(y).
-5
Let z(v) = -7 + 29*v + 3 - 28*v. Determine z(5).
1
Let c(f) = -32*f**2 + 2*f**3 + f**3 + 35*f**2 - 3*f - 2*f**3 + 3. What is c(-5)?
-32
Let q(g) = -2*g**2 + 4*g. Suppose -4*j + 2*i + 44 = 0, -4*j - 3*i + 0 + 54 = 0. Let d = -9 + j. Determine q(d).
-6
Let u(c) = -c**2 + 5*c - 6. Let d(s) be the third derivative of 1/60*s**5 - 5/24*s**4 + 0 + s**2 + 0*s + 7/6*s**3. Let h(y) = 5*d(y) + 6*u(y). What is h(5)?
-1
Let n(b) = -5*b**2 + 4*b - 4. Let q(k) = k**2 + 1. Let m(d) = -n(d) - 4*q(d). Let y(a) = 2*a**2 - 8*a. Let s(u) = -5*m(u) + 2*y(u). What is s(3)?
3
Let w(y) = 6*y + 2. Suppose 12 = 5*l + 2. What is w(l)?
14
Let v(s) = -3*s + 1. Suppose 11 = -3*j - 2*j - 3*u, -4*u - 9 = j. Let n = 3 - j. Determine v(n).
-11
Let a(j) be the second derivative of -2*j**2 - j**3 - 1/20*j**5 + 5*j + 7/12*j**4 + 0. Let x(g) = g**3 - 6*g**2 + 6. Let y be x(6). Calculate a(y).
-4
Let b(t) = t**2 - 2*t - 1. Let n be b(-1). Let g(y) = -y**2 + 3*y**2 - 5*y**n + y + 2. Suppose 0*d = d - 2. Give g(d).
-8
Suppose 3*q = 3*a - 9, -q + a - 1 = q. Let b(z) be the third derivative of z**4/3 - z**3/3 + 2*z**2. What is b(q)?
14
Suppose 5*m = 4*m. Let w(k) be the first derivative of k**5/20 - k**2 - 2*k - 2. Let h(z) be the first derivative of w(z). Calculate h(m).
-2
Let g(u) = -u**2 - 2*u + 1. Let q be g(-3). Let i = q + 6. Let m(c) = -i*c - c - 1 - 5*c. Give m(-1).
9
Let u be -9*((-2)/3)/2. Let q(d) = d + 0*d - 4*d**3 - 2*d**u. Let t(r) = r**3 + r**2 + r + 1. Let n be t(0). What is q(n)?
-5
Let r(o) = -o - 13. Suppose -10*h - 7 = -9*h. What is r(h)?
-6
Let s = -3 + 2. Suppose 0*d = -2*d + 6. Let m = d + s. Let a(h) = -4*h + 2. Give a(m).
-6
Let s(k) = k - 15. Let r be s(11). Let y(a) = a + 3. Determine y(r).
-1
Let w(k) = -k**3 + 2*k**2 + 3*k + 1. Let x be 2/(-2*1)*2. Let d = x + 5. Suppose -d*v = 3 - 12. Give w(v).
1
Let i(y) = -y**3 - 5*y**2 + 6*y + 6. Let a(q) = -2*q**2 + 2. Let n be a(2). Give i(n).
6
Let m(r) = -r + r + 51 + 8*r**2 + r**3 - 55. Determine m(-8).
-4
Suppose -4*l + 13 = 3*w, -w + 1 = -2*l - 0. Let q(j) = -36*j**2 + 13*j - 11. Let d(f) = 17*f**2 - 6*f + 5. Let g(u) = -9*d(u) - 4*q(u). Determine g(l).
-8
Suppose -8*j = -2*j - 12. Let s be -2 + -6 + 1 + j. Let t(m) = -m**3 - 5*m**2 + 4*m + 7. What is t(s)?
-13
Suppose -60 = -4*z - z. Suppose z = -2*s - s. Let q(m) = -m**3 - 6*m**2 - 5*m. Calculate q(s).
-12
Let r be 5 + (-1)/(0 - 1). Suppose -4 = 5*t - 9. Suppose -k = t - r. Let n(o) = -o**2 + 7*o - 7. Calculate n(k).
3
Suppose j = -2*j - 21. Let o be (j/5 + 1)*-5. Let g(f) = -7*f - 6. Let u(x) = 